t of 868660396?
8
What is the units digit of 1562480420?
0
What is the millions digit of 63289036?
3
What is the tens digit of 1546691061?
6
What is the units digit of 552700544?
4
What is the tens digit of 8984434008?
0
What is the hundreds digit of 3722508294?
2
What is the tens digit of 107731303?
0
What is the millions digit of 26029558?
6
What is the millions digit of 17692990?
7
What is the millions digit of 158038006?
8
What is the thousands digit of 78880425?
0
What is the thousands digit of 660274984?
4
What is the units digit of 29113150?
0
What is the ten thousands digit of 2555112945?
1
What is the units digit of 292086625?
5
What is the ten thousands digit of 191975303?
7
What is the millions digit of 117352374?
7
What is the tens digit of 222019474?
7
What is the thousands digit of 5043025177?
5
What is the tens digit of 75566290?
9
What is the ten thousands digit of 206594784?
9
What is the hundreds digit of 356578742?
7
What is the thousands digit of 9282880?
2
What is the hundred thousands digit of 3190901557?
9
What is the units digit of 273853131?
1
What is the ten millions digit of 96714143?
9
What is the units digit of 4719344755?
5
What is the thousands digit of 23337932?
7
What is the hundred thousands digit of 659747780?
7
What is the millions digit of 107287236?
7
What is the units digit of 21170095?
5
What is the tens digit of 610608657?
5
What is the units digit of 35059150?
0
What is the ten millions digit of 31159642?
3
What is the ten millions digit of 178982835?
7
What is the units digit of 23570731?
1
What is the hundreds digit of 44215411?
4
What is the hundred thousands digit of 222756995?
7
What is the units digit of 281902171?
1
What is the ten thousands digit of 24913818?
1
What is the hundred millions digit of 1428209865?
4
What is the tens digit of 321884872?
7
What is the millions digit of 1497293103?
7
What is the hundreds digit of 83329261?
2
What is the millions digit of 2388030559?
8
What is the millions digit of 58443333?
8
What is the millions digit of 339285393?
9
What is the tens digit of 5148661459?
5
What is the thousands digit of 160495209?
5
What is the hundred millions digit of 3584111430?
5
What is the ten thousands digit of 152630224?
3
What is the ten millions digit of 59693108?
5
What is the ten thousands digit of 948015376?
1
What is the hundred thousands digit of 703090811?
0
What is the hundreds digit of 598274743?
7
What is the hundred thousands digit of 32629810?
6
What is the ten thousands digit of 314095510?
9
What is the ten millions digit of 28435343?
2
What is the ten millions digit of 6535317714?
3
What is the ten thousands digit of 2745032519?
3
What is the ten thousands digit of 199381234?
8
What is the hundred thousands digit of 316729521?
7
What is the ten thousands digit of 25082354?
8
What is the hundreds digit of 8000544804?
8
What is the units digit of 95650986?
6
What is the billions digit of 2909063261?
2
What is the millions digit of 2196519089?
6
What is the hundreds digit of 27033717?
7
What is the ten thousands digit of 11665912?
6
What is the thousands digit of 56486699?
6
What is the hundred millions digit of 2718959128?
7
What is the ten millions digit of 980004809?
8
What is the hundred thousands digit of 1471674505?
6
What is the billions digit of 1072473353?
1
What is the ten thousands digit of 3291371?
9
What is the hundred millions digit of 214052423?
2
What is the billions digit of 1218130373?
1
What is the hundred millions digit of 226062514?
2
What is the hundred millions digit of 4331270848?
3
What is the hundred thousands digit of 219623059?
6
What is the ten millions digit of 98145326?
9
What is the billions digit of 1278852993?
1
What is the hundred millions digit of 4353733783?
3
What is the hundred thousands digit of 128318565?
3
What is the millions digit of 16851536?
6
What is the hundred millions digit of 438849181?
4
What is the ten millions digit of 61092845?
6
What is the thousands digit of 134087305?
7
What is the ten thousands digit of 34767164?
6
What is the ten millions digit of 239740241?
3
What is the hundreds digit of 574399098?
0
What is the hundred millions digit of 290598634?
2
What is the ten thousands digit of 673596092?
9
What is the thousands digit of 50340629?
0
What is the hundreds digit of 5928920?
9
What is the units digit of 47487417?
7
What is the hundred thousands digit of 40701948?
7
What is the tens digit of 89860346?
4
What is the ten millions digit of 34984056?
3
What is the ten thousands digit of 663602809?
0
What is the units digit of 1934552911?
1
What is the ten thousands digit of 542141534?
4
What is the tens digit of 78258499?
9
What is the ten millions digit of 328464217?
2
What is the ten thousands digit of 337168414?
6
What is the hundred thousands digit of 1495901342?
9
What is the tens digit of 216753721?
2
What is the ten millions digit of 66228736?
6
What is the hundred millions digit of 220517170?
2
What is the hundreds digit of 3004047408?
4
What is the ten thousands digit of 69857256?
5
What is the units digit of 2884659?
9
What is the hundreds digit of 313155318?
3
What is the hundreds digit of 1977387984?
9
What is the millions digit of 191739291?
1
What is the units digit of 116582215?
5
What is the tens digit of 704776341?
4
What is the hundred thousands digit of 6673172355?
1
What is the units digit of 3714289?
9
What is the hundred millions digit of 2013997126?
0
What is the hundred thousands digit of 243376004?
3
What is the hundred millions digit of 1354624269?
3
What is the hundred millions digit of 328297781?
3
What is the units digit of 39828113?
3
What is the hundreds digit of 6296597?
5
What is the billions digit of 1108626002?
1
What is the millions digit of 2004791127?
4
What is the thousands digit of 28367712?
7
What is the ten millions digit of 84722944?
8
What is the ten thousands digit of 31474645?
7
What is the millions digit of 21333308?
1
What is the ten thousands digit of 612553544?
5
What is the units digit of 46473901?
1
What is the tens digit of 514227876?
7
What is the millions digit of 993911242?
3
What is the units digit of 215824632?
2
What is the units digit of 188254010?
0
What is the thousands digit of 2698123725?
3
What is the tens digit of 84747470?
7
What is the hundred thousands digit of 266822916?
8
What is the hundred thousands digit of 932504661?
5
What is the tens digit of 161901654?
5
What is the units digit of 264569712?
2
What is the thousands digit of 48307775?
7
What is the ten millions digit of 57027796?
5
What is the ten millions digit of 27261848?
2
What is the hundred millions digit of 1936846439?
9
What is the units digit of 104562317?
7
What is the thousands digit of 28532037?
2
What is the hundreds digit of 217310047?
0
What is the tens digit of 926872497?
9
What is the tens digit of 9150057989?
8
What is the tens digit of 5804699419?
1
What is the millions digit of 15435649?
5
What is the units digit of 78526429?
9
What is the hundreds digit of 849501873?
8
What is the units digit of 167420264?
4
What is the millions digit of 58529996?
8
What is the units digit of 148696422?
2
What is the tens digit of 537225922?
2
What is the hundreds digit of 251184427?
4
What is the millions digit of 98745766?
8
What is the hundred thousands digit of 64490602?
4
What is the hundreds digit of 428510133?
1
What is the ten millions digit of 6324896064?
2
What is the tens digit of 100288448?
4
What is the hundreds digit of 41265954?
9
What is the ten thousands digit of 88192626?
9
What is the hundreds digit of 17965008?
0
What is the thousands digit of 275325813?
5
What is the millions digit of 149695312?
9
What is the hundreds digit of 183209917?
9
What is the hundred thousands digit of 818900037?
9
What is the tens digit of 697102547?
4
What is the ten millions digit of 566028046?
6
What is the thousands digit of 167381927?
1
What is the tens digit of 950495392?
9
What is the thousands digit of 115404016?
4
What is the ten thousands digit of 29711846?
1
What is the ten thousands digit of 180781353?
8
What is the units digit of 46350305?
5
What is the units digit of 254294099?
9
What is the ten millions digit of 1380024239?
8
What is the units digit of 421832